*c. Let j = d - -103. What is the remainder when j is divided by 11?
9
Let c be -3 + (1*-32)/(-2). What is the remainder when 50 is divided by (5 - 6)*c/(-1)?
11
Let c = 18 - -13. Calculate the remainder when c is divided by 12.
7
Let v be 18/(-24)*16/(-6). Suppose v*l + 4*a - 9 - 1 = 0, 1 = l - 2*a. Calculate the remainder when 6 is divided by l.
0
Suppose -f + 4*f + 96 = -h, 4*f = 2*h - 138. Calculate the remainder when -43*3*11/f is divided by 11.
10
Let l = -29 - -23. Let s = 23 - l. Calculate the remainder when 85 is divided by s.
27
Let h = -19 - 10. Let x = h - -40. Suppose -4*i + 7 = -t - 4, 0 = 4*t - 20. What is the remainder when x is divided by i?
3
Let n = -56 + 106. What is the remainder when n is divided by (-19)/(-1) - (1 - -1)?
16
Let k(m) = -m**2 - 12*m - 9. Let f be k(-11). Suppose -o = -f*o + 15. What is the remainder when 29 is divided by o?
14
Calculate the remainder when (-2)/7 - 114/(-7) is divided by (-75)/(-45) - 44/(-6).
7
Suppose -56*r = -52*r - 36. Calculate the remainder when ((-8)/(-6))/((-6)/(-117)) is divided by r.
8
Let b(g) = -g**3 + 8*g**2 - 5*g - 5. Calculate the remainder when 69 is divided by b(7).
6
Let f(y) = -y**3 - 3*y**2 - 2*y. Let m be (-6)/(-10) + (-7)/(-5). Suppose -2*o - m*o = -12. What is the remainder when f(-3) is divided by o?
0
Suppose 0 = 3*b + d - 41, -4*b + d + 3*d + 28 = 0. What is the remainder when b is divided by 7?
5
Suppose g - 5*n - 6 = -0, 0 = 4*n + 4. Let c(o) = 31*o. What is the remainder when c(g) is divided by 17?
14
Suppose -2*o + x + 34 = 0, -o + 38 = -3*x + 16. What is the remainder when 25 is divided by o?
9
Let c be 4/18 + 172/36. Suppose p + c*o = 2, -4*p + 3*o = -39 - 84. Suppose 0 = 4*h - a - p, 41 = 5*h - 3*a + 9. What is the remainder when 19 is divided by h?
5
Suppose 3*p + 0*p - 24 = 0. Calculate the remainder when 19 is divided by p.
3
Let h be (3 - -1) + -1 + 0. Suppose 7*w = 4*w + h. Calculate the remainder when 30 is divided by -4*(15/(-4) + w).
8
Let x = -11 - -22. Calculate the remainder when (21 - (12 - 6)) + 4 is divided by x.
8
Suppose -y - 2*s + 19 = -4*s, 4*y - 11 = -5*s. Let d(o) = -4 - 3 - o**2 - 10*o - 4*o. What is the remainder when d(-12) is divided by y?
8
Suppose -3*t + 237 = 87. Let i = 9 - -8. Calculate the remainder when t is divided by i.
16
Suppose 0*u - 8 = -2*u. Let r = u - -11. What is the remainder when r is divided by 4?
3
Let o(r) = -r + 8*r + 3 - 3. What is the remainder when o(1) is divided by 4?
3
Let h(k) = k**3 + 9*k**2 + 8*k - 8. Let v be h(-8). Let c(u) = -u**3 - 4*u**2 - 2*u + 6. Calculate the remainder when c(-5) is divided by (14/8)/((-1)/v).
13
Let k(m) = 7*m**2 + m + 1. Calculate the remainder when k(-2) is divided by 7.
6
Suppose 5*x + 0*k - 3*k - 119 = 0, 5*k = -4*x + 110. Calculate the remainder when x is divided by 7.
4
Suppose -3*h - 2*q + 18 = -5*q, 18 = 2*h - 5*q. Calculate the remainder when -3*(2 - (-132)/(-9)) is divided by ((-26)/h)/((-1)/2).
12
Let p = 5 - 5. Let a = p + -2. Calculate the remainder when a/7 - 284/(-14) is divided by 11.
9
Let t = -32 - -47. What is the remainder when 55 is divided by t?
10
Suppose -5*d - 2 = -4*h + 35, -h - d + 16 = 0. What is the remainder when h is divided by 4?
1
Let z(l) = -5 - 2*l**2 + 8*l**2 - 2*l + 4. What is the remainder when z(2) is divided by 10?
9
Suppose -18 = -5*j + 2. What is the remainder when 14 is divided by j?
2
Suppose 3*g - 4*g = 0. Suppose -15*d + 17*d - 18 = g. What is the remainder when 3 - 2 - (0 + -32) is divided by d?
6
Suppose 0 = -y - 2*k + 26, -1 = -4*y + 4*k + 55. Calculate the remainder when 33 is divided by y.
15
Suppose -15 = -5*p + 2*f, f - 3 = 2*p - 10. Let b = 10 - p. What is the remainder when 24 is divided by b?
6
Calculate the remainder when 31 is divided by 42/5 + (-2)/5.
7
Let q(h) = 2*h**2 + 2*h + 3. Let w(r) = r. Let b(s) = q(s) - w(s). Calculate the remainder when 51 is divided by b(-3).
15
Let g = -77 + 118. Suppose 4*m - 3*c = 76, 3*c - 12 = -0*c. What is the remainder when g is divided by m?
19
Suppose -4*u = -5*j - 158, 0*j + 3*j = 5*u - 204. What is the remainder when u is divided by 11?
9
Let w(d) = 35*d + 20. Let j(x) = 23*x + 13. Let m(g) = 8*j(g) - 5*w(g). Calculate the remainder when m(3) is divided by 16.
15
Suppose 2*j - j - 127 = y, -2*j = -2. Suppose -3*b = -2*v - 167, -3*v - v - b = 341. Let q = v - y. What is the remainder when q is divided by 21?
20
Let n = 121 - 73. What is the remainder when n is divided by 17?
14
Suppose -6*x = -4*x - 22. Let o = x + -7. Suppose -o*p - 3*t + 128 = -5*t, -p = 2*t - 22. What is the remainder when p is divided by 16?
14
Suppose 9*h = 4*h - 25, -2*a - h - 35 = 0. Let y = a - -20. Calculate the remainder when 7 is divided by y.
2
Suppose -2*k - 42 = -2*a, 0 = -a + 2*k + 11 + 7. Calculate the remainder when 95 is divided by a.
23
Let f be -1 + -2 - (-3 - -2). Let o = f - -7. Let t(m) = -m**2 - 6*m. Calculate the remainder when t(-4) is divided by o.
3
Suppose -4*o - d + 4*d - 3 = 0, -2*d - 21 = 5*o. Let j = -1 - o. Suppose -j*q + 13 = -11. Calculate the remainder when 22 is divided by q.
10
Suppose 0 = t + 39 - 51. What is the remainder when 129 is divided by t?
9
Let x(y) = y**2 - y + 10. What is the remainder when x(0) is divided by 10/(-3)*(12 - (-345)/(-25))?
4
Let h = 96 + -54. Suppose 2*w = -w + 33. What is the remainder when h is divided by w?
9
Suppose 45 = w - 10. Let j = w + -30. What is the remainder when 48 is divided by j?
23
Suppose 3*x = -4*m + 17, 3*x = 5*x + 10. Let k = 3 + -1. Suppose q - 5*v - 13 = 0, 4*q - 2 = -4*v + k. What is the remainder when m is divided by q?
2
Suppose 0*m = -m - 8. Let v = -6 - m. Calculate the remainder when v is divided by (1 - 0)*(-2)/(-2).
0
Suppose 5*q - 16 = -n, n + 0*q - 4*q - 25 = 0. Suppose 43 = 2*l - n. Calculate the remainder when l is divided by 11.
10
Suppose 3*w + 10 = -3*l - 2, 0 = -5*w + 3*l + 12. Suppose w = 5*h - 33 - 42. Calculate the remainder when 58 is divided by h.
13
Suppose 3*d - 84 = -0*d. Let p = -3 + 13. What is the remainder when d is divided by p?
8
Suppose -17 = -g + 6. Let x(t) = 2*t - 4. Let q be (2 - -2) + 4/2. Calculate the remainder when g is divided by x(q).
7
Let k(o) = -o**2 - 4*o + 4. Let f = 1 + -5. Let w be k(f). Suppose q + w*q = 110. What is the remainder when 64 is divided by q?
20
Let r = -20 + 156. What is the remainder when r is divided by 46?
44
Let z(i) = 2*i**2 + i - 2. What is the remainder when 55 is divided by z(3)?
17
Let m(r) = 3*r**3 - 3*r**2 + r - 1. Suppose -6*u = -8*u + 38. Calculate the remainder when m(3) is divided by u.
18
Let a(u) = -u. Let k be a(-6). Let r = k + 0. Let g(j) = 4*j - 4. Calculate the remainder when g(5) is divided by r.
4
Suppose 0 = -4*c + 4*v + 88, 2*c + 3*v - 10 - 14 = 0. Let j = 6 - -29. What is the remainder when j is divided by (24/9)/(4/c)?
11
Let u(y) = y**3 + 4*y**2 + y + 1. Calculate the remainder when (26/(-4))/((-4)/8) is divided by u(-3).
6
Let p(v) = -6*v**3 + 6*v**2 + 2*v - 5. Let j(b) = -5*b**3 + 6*b**2 + 2*b - 4. Let u(a) = 5*j(a) - 4*p(a). What is the remainder when 22 is divided by u(6)?
10
Suppose 0 = -2*s + h - 60 + 202, 4*h + 57 = s. Calculate the remainder when s is divided by 26.
21
Suppose -132 = 11*x - 15*x. Let a(t) = t + 1. Calculate the remainder when x is divided by a(8).
6
Let w = 19 + 4. Calculate the remainder when (38/(-95))/(2/(-330)) is divided by w.
20
Let m(z) = -37*z**3 - 2*z**2 + 1. Let u be m(-1). Suppose 3*t - u = -2*o - t, 5*o = 4*t + 118. What is the remainder when 42 is divided by o?
20
Let y(q) = -10*q - 1. Calculate the remainder when 24 is divided by y(-1).
6
What is the remainder when 19 is divided by (-78)/(-12) - (-3)/(-2)?
4
Let n = 14 + -14. Let u(g) = -5*g**3 - g**2 + 3*g**3 + 3*g**3 + 5 + g. What is the remainder when u(n) is divided by 2?
1
Let g(y) = y**3 + 5*y**2 - y - 3. Calculate the remainder when 133 is divided by g(-4).
14
Let f = -169 + 281. Suppose -4*b + 9 = -2*h - 99, 4*b = h + f. Let q(m) = -m**3 + 7*m**2 - 3*m - 8. Calculate the remainder when b is divided by q(6).
9
Let u(m) = 14*m + 80. Calculate the remainder when (-1 + 0 - -1) + 29 is divided by u(-5).
9
Let s(k) = k**2 + 11*k - 2. Suppose 48 = -g - 3*g. What is the remainder when 39 is divided by s(g)?
9
Let g = 95 - 41. Calculate the rem